
True
Is 920467 a composite number?
False
Is 13329761 composite?
False
Is 52634927 a prime number?
False
Is 134224687 prime?
True
Is 179639417 composite?
True
Is 73029959 a prime number?
True
Is 1953816083 a composite number?
False
Is 135533 composite?
False
Is 2382299 prime?
True
Is 2408201 a composite number?
False
Is 8923367 a composite number?
False
Is 935621 a prime number?
True
Is 175771019 a composite number?
True
Is 1074107 composite?
False
Is 206569799 composite?
False
Is 5711249 a prime number?
False
Is 1797617 a composite number?
False
Is 144961 a composite number?
False
Is 20539579 a composite number?
False
Is 5213531 a composite number?
True
Is 22905791 prime?
True
Is 448841713 prime?
False
Is 204893 a composite number?
True
Is 179051 a composite number?
False
Is 3013409 composite?
True
Is 32703017 a composite number?
False
Is 30020219 a prime number?
False
Is 1547893 a prime number?
True
Is 221942627 a composite number?
False
Is 428771 a composite number?
True
Is 64458869 prime?
True
Is 4390915 a prime number?
False
Is 1143371 a composite number?
False
Is 5314867 a composite number?
True
Is 17606227 prime?
True
Is 3357499 prime?
False
Is 42669973 a prime number?
False
Is 111010553 prime?
False
Is 13673867 a prime number?
True
Is 85620431 a prime number?
False
Is 2578333 prime?
False
Is 399881 composite?
True
Is 2970442 a composite number?
True
Is 238397707 a prime number?
True
Is 27814643 a composite number?
True
Is 33273751 a composite number?
True
Is 2828633 prime?
True
Is 1966637 prime?
False
Is 382199593 prime?
False
Is 64218463 prime?
True
Is 2011979 composite?
True
Is 1131150343 composite?
False
Is 5843689 a prime number?
False
Is 509053 a composite number?
False
Is 9268131 prime?
False
Is 1309411 composite?
False
Is 129263 a prime number?
True
Is 2556517 prime?
False
Is 272300597 prime?
False
Is 4366627 composite?
False
Is 276722921 prime?
False
Is 9299383 prime?
False
Is 1125781 composite?
True
Is 6463213 prime?
False
Is 217867603 prime?
True
Is 106193177 prime?
True
Is 5727849 composite?
True
Is 3080845 a composite number?
True
Is 38312853 composite?
True
Is 9637783 a prime number?
False
Is 9863729 composite?
False
Is 305446901 a prime number?
True
Is 1093381 prime?
True
Is 6230285 prime?
False
Is 21475763 a composite number?
True
Is 2934119 prime?
False
Is 2738117 a composite number?
False
Is 11534329 a composite number?
False
Is 95160907 a prime number?
True
Is 3464807 composite?
False
Is 3627586 composite?
True
Is 162711973 a prime number?
True
Is 296501 a prime number?
False
Is 115169429 a prime number?
True
Is 5426105 composite?
True
Is 608525165 a composite number?
True
Is 5271967 composite?
False
Is 2878879 a prime number?
True
Is 33577 a prime number?
True
Is 237440141 a composite number?
False
Is 1296697 a composite number?
True
Is 832451 composite?
False
Is 353482079 composite?
True
Is 209025109 prime?
False
Is 3392533 a composite number?
False
Is 1026989107 composite?
True
Is 3365863 prime?
True
Is 1679261 a prime number?
True
Is 10571703 a composite number?
True
Is 11690755 a prime number?
False
Is 4441613 a composite number?
True
Is 2041553 a composite number?
False
Is 122611659 prime?
False
Is 1040947 a prime number?
True
Is 300551 a prime number?
False
Is 51473561 a composite number?
False
Is 244901 composite?
False
Is 3079091 a composite number?
True
Is 335549 a composite number?
True
Is 430430417 a composite number?
False
Is 5476319 prime?
False
Is 16506349 a composite number?
False
Is 6919457 a composite number?
True
Is 5765491 composite?
False
Is 2970757 a composite number?
True
Is 4985623 a prime number?
True
Is 27800273 composite?
True
Is 20479847 composite?
False
Is 25220057 prime?
True
Is 249199037 prime?
False
Is 2270491 composite?
True
Is 46722227 prime?
True
Is 57522373 composite?
True
Is 1513373 composite?
True
Is 265177487 a prime number?
False
Is 4795045 composite?
True
Is 3567631 prime?
True
Is 11145149 prime?
False
Is 342887849 a prime number?
True
Is 6525751 a composite number?
False
Is 695659 composite?
False
Is 3564037 a prime number?
False
Is 46021 composite?
False
Is 20223299 a prime number?
False
Is 352631063 prime?
True
Is 374546 a composite number?
True
Is 13708007 a prime number?
True
Is 517993843 composite?
False
Is 14303027 a composite number?
False
Is 15254585 a composite number?
True
Is 8054671 a prime number?
True
Is 16399661 a composite number?
False
Is 27643679 prime?
False
Is 104990863 a composite number?
True
Is 337837 composite?
False
Is 7781353 a composite number?
False
Is 6174643 a prime number?
True
Is 66849097 composite?
True
Is 212032867 a composite number?
True
Is 3050507 prime?
False
Is 50702167 composite?
True
Is 109028839 a prime number?
True
Is 52809209 composite?
True
Is 197529581 a composite number?
True
Is 9541249 a prime number?
False
Is 8388155 a composite number?
True
Is 59532293 a prime number?
False
Is 76733 prime?
True
Is 368593 prime?
True
Is 16838159 a composite number?
True
Is 32010289 prime?
True
Is 1353811 prime?
False
Is 472267865 a composite number?
True
Is 878688929 prime?
False
Is 10577407 a composite number?
False
Is 8562133 composite?
True
Is 115064419 a composite number?
True
Is 178072591 prime?
True
Is 796531 a composite number?
False
Is 12576854 a composite number?
True
Is 840644941 a composite number?
False
Is 1668749 a composite number?
True
Is 110402 composite?
True
Is 66360547 a prime number?
False
Is 2727331 composite?
False
Is 6763129 a composite number?
False
Is 704263 a composite number?
True
Is 6696331 a prime number?
True
Is 31638779 composite?
False
Is 550399 a composite number?
True
Is 6211369 a composite number?
True
Is 575820329 a composite number?
True
Is 168791189 composite?
True
Is 10761411 composite?
True
Is 143081581 composite?
True
Is 1146554401 prime?
False
Is 276197 composite?
True
Is 79278847 prime?
False
Is 18405649 a prime number?
True
Is 6091223 a composite number?
False
Is 13480703 a prime number?
False
Is 53408741 a composite number?
False
Is 13400273 a composite number?
False
Is 28141607 prime?
False
Is 32255537 a prime number?
True
Is 1280281 a prime number?
True
Is 16000711 prime?
True
Is 304057739 composite?
True
Is 7476299 a composite number?
True
Is 70933271 a composite number?
True
Is 488611895 composite?
True
Is 56104843 a composite number?
True
Is 1613587 a prime number?
True
Is 50117251 prime?
False
Is 10216079 a composite number?
False
Is 29731837 a prime number?
False
Is 1416539 a prime number?
False
Is 14819833 a prime number?
False
Is 45925693 a composite number?
True
Is 52869727 a prime number?
True
Is 196991 a prime number?
True
Is 10823719 a composite number?
False
Is 8964721 a composite number?
False
Is 70433009 a prime number?
False
Is 49923943 prime?
True
Is 84337243 prime?
True
Is 2436043 a prime number?
False
Is 6896177 composite?
False
Is 6553345 composite?
True
Is 594889 prime?
True
Is 255947 a prime number?
True
Is 36649 a prime number?
False
Is 8580423 a composite number?
True
Is 1925671 a composite number?
True
Is 945743 a prime number?
False
Is 54971309 a prime number?
False
Is 27876637 prime?
True
Is 311459801 a composite number?
False
Is 12817307 a prime number?
True
Is 2093183 a prime number?
True
Is 4531283 prime?
True
Is 10730639 composite?
False
Is 145599443 a composite number?
True
Is 46134057 a prime number?
False
Is 35102371 a prime number?
False
Is 2969089 a composite number?
False
Is 86933137 composite?
True
Is 2017361 a composite number?
True
Is 85410589 prime?
False
Is 10872037 prime?
False
Is 1739721 a prime number?
False
Is 1586567 composite?
False
Is 159376429 prime?
True
Is 192217 composite?
True
Is 295523 composite?
True
Is 775623491 prime?
False
Is 356614001 prime?
False
Is 154632409 prime?
False
Is 394882 a composite number?
True
Is 55583951 a prime number?
True
Is 587033 prime?
True
Is 814951 a prime number?
False
Is 13004297 a composite number?
False
Is 7602511 prime?
False
Is 10413229 composite?
True
Is 47967527 prime?
False
Is 28502627 prime?
False
Is 2500849 a prime number?
False
Is 42700737 a composite number?
True
Is 7298693 a prime number?
False
Is 2365643 composite?
True
Is 14787233 prime?
True
Is 6330091 composite?
True
Is 197489 a prime number?
Fals